{"id":138,"date":"2024-07-26T14:00:09","date_gmt":"2024-07-26T14:00:09","guid":{"rendered":"https:\/\/impactacademy.at\/?page_id=138"},"modified":"2025-07-28T12:54:52","modified_gmt":"2025-07-28T12:54:52","slug":"impressum","status":"publish","type":"page","link":"https:\/\/impactacademy.at\/index.php\/impressum\/","title":{"rendered":"Impressum"},"content":{"rendered":"<p>[et_pb_section fb_built=&#8220;1&#8243; _builder_version=&#8220;4.19.4&#8243; _module_preset=&#8220;default&#8220; locked=&#8220;off&#8220; global_colors_info=&#8220;{}&#8220;][et_pb_row _builder_version=&#8220;4.19.4&#8243; _module_preset=&#8220;default&#8220; global_colors_info=&#8220;{}&#8220;][et_pb_column type=&#8220;4_4&#8243; _builder_version=&#8220;4.19.4&#8243; _module_preset=&#8220;default&#8220; global_colors_info=&#8220;{}&#8220;][et_pb_text _builder_version=&#8220;4.27.0&#8243; _module_preset=&#8220;default&#8220; header_font=&#8220;|700|||||||&#8220; header_text_color=&#8220;#1D4A62&#8243; header_font_size=&#8220;3em&#8220; custom_margin=&#8220;4em||||false|false&#8220; global_colors_info=&#8220;{}&#8220;]<\/p>\n<h1><strong>Impressum<\/strong><\/h1>\n<p><strong>Impact Academy<\/strong><\/p>\n<p><span><\/span><\/p>\n<p><span>Die Impact Academy ist ein Projekt von BildungTomorrow und<\/span><span>\u00a0TGW Future Wings.<\/span><\/p>\n<p><strong>TGW Future Wings:\u00a0<\/strong><span><\/span><\/p>\n<p>Schule Morgen Privatstiftung<br \/>Ludwig Szinicz Stra\u00dfe 3<br \/>4614 Marchtrenk<br \/>\u00d6sterreich<\/p>\n<p>Tel.: +43 <span data-olk-copy-source=\"MessageBody\">676 8717 1593<\/span><br \/><a href=\"http:\/\/www.futurewings.at\/\">www.tgw-futurewings.org<\/a><\/p>\n<p>Firmenbuchnummer: FN418206 i<br \/>Firmenbuchgericht: Landesgericht\u00a0Wels<\/p>\n<p><strong>Vorstandsmitglieder:\u00a0<\/strong><\/p>\n<p>DI Ludwig Christian Szinicz<br class=\"x_ContentPasted0\" \/>Dr. Maximilian Gumpoldsberger<br class=\"x_ContentPasted0\" \/>Dr. Harald Schr\u00f6pf<\/p>\n<p>Sitz der Stiftung: Ludwig-Szinicz Stra\u00dfe 3, 4614 Marchtrenk (\u00d6sterreich)<\/p>\n<p><strong>Haftungsausschluss:<\/strong><\/p>\n<p><span style=\"font-weight: 400;\">Trotz sorgf\u00e4ltiger inhaltlicher Kontrolle \u00fcbernehmen wir keine Haftung f\u00fcr die Inhalte externer Links. F\u00fcr den Inhalt der verlinkten Seiten sind ausschlie\u00dflich deren Betreiber*innen verantwortlich.<\/span><\/p>\n<p><strong>Streitschlichtung:<\/strong><br \/>Die Europ\u00e4ische Kommission stellt eine Plattform zur Online-Streitbeilegung (OS) bereit: <a rel=\"noreferrer noopener\" target=\"_new\" href=\"https:\/\/ec.europa.eu\/consumers\/odr\">https:\/\/ec.europa.eu\/consumers\/odr<\/a>. Unsere E-Mail-Adresse finden Sie oben im Impressum.<\/p>\n<p>Wir sind nicht bereit oder verpflichtet, an Streitbeilegungsverfahren vor einer Verbraucherschlichtungsstelle teilzunehmen.<\/p>\n<p>&nbsp;<\/p>\n<p>[\/et_pb_text][\/et_pb_column][\/et_pb_row][\/et_pb_section]<\/p>\n","protected":false},"excerpt":{"rendered":"<p>Impressum Impact Academy Die Impact Academy ist ein Projekt von BildungTomorrow und\u00a0TGW Future Wings. TGW Future Wings:\u00a0 Schule Morgen PrivatstiftungLudwig Szinicz Stra\u00dfe 34614 Marchtrenk\u00d6sterreich Tel.: +43 676 8717 1593www.tgw-futurewings.org Firmenbuchnummer: FN418206 iFirmenbuchgericht: Landesgericht\u00a0Wels Vorstandsmitglieder:\u00a0 DI Ludwig Christian SziniczDr. Maximilian GumpoldsbergerDr. Harald Schr\u00f6pf Sitz der Stiftung: Ludwig-Szinicz Stra\u00dfe 3, 4614 Marchtrenk (\u00d6sterreich) Haftungsausschluss: Trotz sorgf\u00e4ltiger inhaltlicher [&hellip;]<\/p>\n","protected":false},"author":1,"featured_media":0,"parent":0,"menu_order":0,"comment_status":"closed","ping_status":"closed","template":"","meta":{"_et_pb_use_builder":"on","_et_pb_old_content":"","_et_gb_content_width":"","footnotes":""},"class_list":["post-138","page","type-page","status-publish","hentry"],"_links":{"self":[{"href":"https:\/\/impactacademy.at\/index.php\/wp-json\/wp\/v2\/pages\/138","targetHints":{"allow":["GET"]}}],"collection":[{"href":"https:\/\/impactacademy.at\/index.php\/wp-json\/wp\/v2\/pages"}],"about":[{"href":"https:\/\/impactacademy.at\/index.php\/wp-json\/wp\/v2\/types\/page"}],"author":[{"embeddable":true,"href":"https:\/\/impactacademy.at\/index.php\/wp-json\/wp\/v2\/users\/1"}],"replies":[{"embeddable":true,"href":"https:\/\/impactacademy.at\/index.php\/wp-json\/wp\/v2\/comments?post=138"}],"version-history":[{"count":8,"href":"https:\/\/impactacademy.at\/index.php\/wp-json\/wp\/v2\/pages\/138\/revisions"}],"predecessor-version":[{"id":250,"href":"https:\/\/impactacademy.at\/index.php\/wp-json\/wp\/v2\/pages\/138\/revisions\/250"}],"wp:attachment":[{"href":"https:\/\/impactacademy.at\/index.php\/wp-json\/wp\/v2\/media?parent=138"}],"curies":[{"name":"wp","href":"https:\/\/api.w.org\/{rel}","templated":true}]}}